{"id":101,"date":"2021-11-30T22:16:46","date_gmt":"2021-11-30T22:16:46","guid":{"rendered":"https:\/\/anuario2021.torrefuerte.bo\/?page_id=101"},"modified":"2021-12-31T15:33:11","modified_gmt":"2021-12-31T15:33:11","slug":"premio-del-saber","status":"publish","type":"page","link":"https:\/\/anuario2021.torrefuerte.bo\/index.php\/torreflix\/premio-del-saber\/","title":{"rendered":"PREMIO DEL SABER"},"content":{"rendered":"\n<p>Dentro de los programas de <strong><a href=\"https:\/\/anuario2021.torrefuerte.bo\/index.php\/torreflix\/\" data-type=\"URL\" data-id=\"https:\/\/anuario2021.torrefuerte.bo\/index.php\/torreflix\/\" target=\"_blank\" rel=\"noreferrer noopener\">TorreFlix<\/a><\/strong> tenemos el Premio del Saber, que nos muestra entrevistas que expresan las experiencias de jurados y participantes de este concurso en <strong>TorreFuerte<\/strong>.&nbsp;<\/p>\n\n\n\n<p>Este a\u00f1o pudimos realizar la Final de la 2da edici\u00f3n del concurso.&nbsp;<\/p>\n\n\n\n<p>El ganador de esta versi\u00f3n, fue Marco Asfura quien demostr\u00f3 tener un conocimiento profundo de la Palabra de Dios.&nbsp;<\/p>\n\n\n\n<div data-carousel-extra='{\"blog_id\":1,\"permalink\":\"https:\\\/\\\/anuario2021.torrefuerte.bo\\\/index.php\\\/torreflix\\\/premio-del-saber\\\/\"}' id='gallery-1' class='gallery galleryid-101 gallery-columns-3 gallery-size-thumbnail'><figure class='gallery-item'>\n\t\t\t<div class='gallery-icon landscape'>\n\t\t\t\t<a href='https:\/\/anuario2021.torrefuerte.bo\/index.php\/torreflix\/premio-del-saber\/premiosaber_01-1\/'><img loading=\"lazy\" decoding=\"async\" data-attachment-id=\"602\" data-orig-file=\"https:\/\/anuario2021.torrefuerte.bo\/wp-content\/uploads\/2021\/12\/PremioSaber_01-1.png\" data-orig-size=\"1365,767\" data-comments-opened=\"1\" data-image-meta=\"{&quot;aperture&quot;:&quot;0&quot;,&quot;credit&quot;:&quot;&quot;,&quot;camera&quot;:&quot;&quot;,&quot;caption&quot;:&quot;&quot;,&quot;created_timestamp&quot;:&quot;0&quot;,&quot;copyright&quot;:&quot;&quot;,&quot;focal_length&quot;:&quot;0&quot;,&quot;iso&quot;:&quot;0&quot;,&quot;shutter_speed&quot;:&quot;0&quot;,&quot;title&quot;:&quot;&quot;,&quot;orientation&quot;:&quot;0&quot;}\" data-image-title=\"PremioSaber_01-1\" data-image-description=\"\" data-medium-file=\"https:\/\/anuario2021.torrefuerte.bo\/wp-content\/uploads\/2021\/12\/PremioSaber_01-1.png\" data-large-file=\"https:\/\/anuario2021.torrefuerte.bo\/wp-content\/uploads\/2021\/12\/PremioSaber_01-1.png\" title=\"PremioSaber_01-1\" width=\"128\" height=\"72\" src=\"https:\/\/anuario2021.torrefuerte.bo\/wp-content\/uploads\/2021\/12\/PremioSaber_01-1.png\" class=\"attachment-thumbnail size-thumbnail\" alt=\"Premio del Saber 01\" \/><\/a>\n\t\t\t<\/div><\/figure><figure class='gallery-item'>\n\t\t\t<div class='gallery-icon landscape'>\n\t\t\t\t<a href='https:\/\/anuario2021.torrefuerte.bo\/index.php\/torreflix\/premio-del-saber\/premiosaber_03-1\/'><img loading=\"lazy\" decoding=\"async\" data-attachment-id=\"604\" data-orig-file=\"https:\/\/anuario2021.torrefuerte.bo\/wp-content\/uploads\/2021\/12\/PremioSaber_03-1.png\" data-orig-size=\"1365,767\" data-comments-opened=\"1\" data-image-meta=\"{&quot;aperture&quot;:&quot;0&quot;,&quot;credit&quot;:&quot;&quot;,&quot;camera&quot;:&quot;&quot;,&quot;caption&quot;:&quot;&quot;,&quot;created_timestamp&quot;:&quot;0&quot;,&quot;copyright&quot;:&quot;&quot;,&quot;focal_length&quot;:&quot;0&quot;,&quot;iso&quot;:&quot;0&quot;,&quot;shutter_speed&quot;:&quot;0&quot;,&quot;title&quot;:&quot;&quot;,&quot;orientation&quot;:&quot;0&quot;}\" data-image-title=\"PremioSaber_03-1\" data-image-description=\"\" data-medium-file=\"https:\/\/anuario2021.torrefuerte.bo\/wp-content\/uploads\/2021\/12\/PremioSaber_03-1.png\" data-large-file=\"https:\/\/anuario2021.torrefuerte.bo\/wp-content\/uploads\/2021\/12\/PremioSaber_03-1.png\" title=\"PremioSaber_03-1\" width=\"128\" height=\"72\" src=\"https:\/\/anuario2021.torrefuerte.bo\/wp-content\/uploads\/2021\/12\/PremioSaber_03-1.png\" class=\"attachment-thumbnail size-thumbnail\" alt=\"Premio del Saber 02\" \/><\/a>\n\t\t\t<\/div><\/figure>\n\t\t<\/div>\n\n\n\n\n<p class=\"has-text-align-center\"><p class=\"has-text-align-center\"><input type=\"button\" value=\"Volver\" class=\"alg_back_button_input \" style=\"\" onclick=\"window.history.back()\" \/><\/p><\/p>\n","protected":false},"excerpt":{"rendered":"<p>Dentro de los programas de TorreFlix tenemos el Premio del Saber, que nos muestra entrevistas que expresan las experiencias de jurados y participantes de este concurso en TorreFuerte.&nbsp; Este a\u00f1o pudimos realizar la Final de la 2da edici\u00f3n del concurso.&nbsp; El ganador de esta versi\u00f3n, &hellip; <a href=\"https:\/\/anuario2021.torrefuerte.bo\/index.php\/torreflix\/premio-del-saber\/\" class=\"more-link\"><span>Seguir leyendo<span class=\"screen-reader-text\">PREMIO DEL SABER<\/span><\/span><\/a><\/p>\n","protected":false},"author":2,"featured_media":102,"parent":84,"menu_order":4,"comment_status":"closed","ping_status":"closed","template":"","meta":{"footnotes":""},"class_list":["post-101","page","type-page","status-publish","has-post-thumbnail","hentry"],"_links":{"self":[{"href":"https:\/\/anuario2021.torrefuerte.bo\/index.php\/wp-json\/wp\/v2\/pages\/101","targetHints":{"allow":["GET"]}}],"collection":[{"href":"https:\/\/anuario2021.torrefuerte.bo\/index.php\/wp-json\/wp\/v2\/pages"}],"about":[{"href":"https:\/\/anuario2021.torrefuerte.bo\/index.php\/wp-json\/wp\/v2\/types\/page"}],"author":[{"embeddable":true,"href":"https:\/\/anuario2021.torrefuerte.bo\/index.php\/wp-json\/wp\/v2\/users\/2"}],"replies":[{"embeddable":true,"href":"https:\/\/anuario2021.torrefuerte.bo\/index.php\/wp-json\/wp\/v2\/comments?post=101"}],"version-history":[{"count":5,"href":"https:\/\/anuario2021.torrefuerte.bo\/index.php\/wp-json\/wp\/v2\/pages\/101\/revisions"}],"predecessor-version":[{"id":827,"href":"https:\/\/anuario2021.torrefuerte.bo\/index.php\/wp-json\/wp\/v2\/pages\/101\/revisions\/827"}],"up":[{"embeddable":true,"href":"https:\/\/anuario2021.torrefuerte.bo\/index.php\/wp-json\/wp\/v2\/pages\/84"}],"wp:featuredmedia":[{"embeddable":true,"href":"https:\/\/anuario2021.torrefuerte.bo\/index.php\/wp-json\/wp\/v2\/media\/102"}],"wp:attachment":[{"href":"https:\/\/anuario2021.torrefuerte.bo\/index.php\/wp-json\/wp\/v2\/media?parent=101"}],"curies":[{"name":"wp","href":"https:\/\/api.w.org\/{rel}","templated":true}]}}