{"id":47,"date":"2021-11-23T02:52:04","date_gmt":"2021-11-23T02:52:04","guid":{"rendered":"https:\/\/anuario2021.torrefuerte.bo\/?page_id=47"},"modified":"2021-12-31T15:12:52","modified_gmt":"2021-12-31T15:12:52","slug":"365-dias","status":"publish","type":"page","link":"https:\/\/anuario2021.torrefuerte.bo\/index.php\/365-dias\/","title":{"rendered":"365 d\u00edas"},"content":{"rendered":"\n<p>Los Grupos de Alcance (GAL-D) contin\u00faan&nbsp;predicando a Santa Cruz siete d\u00edas a la semana, 365 d\u00edas al a\u00f1o.&nbsp; &nbsp; &nbsp;&nbsp; &nbsp; <\/p>\n\n\n\n<p>191 L\u00edderes de Grupos de Alcance, comparten la Palabra de&nbsp;Dios en grupos en casa, tanto presenciales como en l\u00ednea.&nbsp;Grupos homog\u00e9neos de personas distribuidos&nbsp;por toda la ciudad, que forman fuertes lazos de amistad y de fe, donde comparten y festejan las bendiciones que cada miembro recibe y se apoyan y sustentan en&nbsp;tiempos de adversidad.<\/p>\n\n\n\n<p>Si todav\u00eda no eres miembro de un GAL-D, comun\u00edcate con el Modelo de Jes\u00fas de TORRE FUERTE al tel\u00e9fono <strong>76627056<\/strong>.<\/p>\n\n\n\n<p class=\"has-text-align-center\"><p class=\"has-text-align-center\"><input type=\"button\" value=\"Volver\" class=\"alg_back_button_input \" style=\"\" onclick=\"window.history.back()\" \/><\/p><\/p>\n","protected":false},"excerpt":{"rendered":"<p>Los Grupos de Alcance (GAL-D) contin\u00faan&nbsp;predicando a Santa Cruz siete d\u00edas a la semana, 365 d\u00edas al a\u00f1o.&nbsp; &nbsp; &nbsp;&nbsp; &nbsp; 191 L\u00edderes de Grupos de Alcance, comparten la Palabra de&nbsp;Dios en grupos en casa, tanto presenciales como en l\u00ednea.&nbsp;Grupos homog\u00e9neos de personas distribuidos&nbsp;por toda &hellip; <a href=\"https:\/\/anuario2021.torrefuerte.bo\/index.php\/365-dias\/\" class=\"more-link\"><span>Seguir leyendo<span class=\"screen-reader-text\">365 d\u00edas<\/span><\/span><\/a><\/p>\n","protected":false},"author":2,"featured_media":48,"parent":0,"menu_order":0,"comment_status":"closed","ping_status":"closed","template":"","meta":{"footnotes":""},"class_list":["post-47","page","type-page","status-publish","has-post-thumbnail","hentry"],"_links":{"self":[{"href":"https:\/\/anuario2021.torrefuerte.bo\/index.php\/wp-json\/wp\/v2\/pages\/47","targetHints":{"allow":["GET"]}}],"collection":[{"href":"https:\/\/anuario2021.torrefuerte.bo\/index.php\/wp-json\/wp\/v2\/pages"}],"about":[{"href":"https:\/\/anuario2021.torrefuerte.bo\/index.php\/wp-json\/wp\/v2\/types\/page"}],"author":[{"embeddable":true,"href":"https:\/\/anuario2021.torrefuerte.bo\/index.php\/wp-json\/wp\/v2\/users\/2"}],"replies":[{"embeddable":true,"href":"https:\/\/anuario2021.torrefuerte.bo\/index.php\/wp-json\/wp\/v2\/comments?post=47"}],"version-history":[{"count":5,"href":"https:\/\/anuario2021.torrefuerte.bo\/index.php\/wp-json\/wp\/v2\/pages\/47\/revisions"}],"predecessor-version":[{"id":792,"href":"https:\/\/anuario2021.torrefuerte.bo\/index.php\/wp-json\/wp\/v2\/pages\/47\/revisions\/792"}],"wp:featuredmedia":[{"embeddable":true,"href":"https:\/\/anuario2021.torrefuerte.bo\/index.php\/wp-json\/wp\/v2\/media\/48"}],"wp:attachment":[{"href":"https:\/\/anuario2021.torrefuerte.bo\/index.php\/wp-json\/wp\/v2\/media?parent=47"}],"curies":[{"name":"wp","href":"https:\/\/api.w.org\/{rel}","templated":true}]}}